{"id":630,"date":"2016-11-10T16:01:52","date_gmt":"2016-11-10T16:01:52","guid":{"rendered":"http:\/\/www.grundschule-pulverrasen.de\/?page_id=630"},"modified":"2024-11-20T20:47:22","modified_gmt":"2024-11-20T20:47:22","slug":"formulare","status":"publish","type":"page","link":"https:\/\/www.grundschule-pulverrasen.de\/?page_id=630","title":{"rendered":"Formulare"},"content":{"rendered":"<div id=\"c32842\" class=\"frame frame-default frame-type-header frame-layout-0\">\n<h4><span style=\"color: #808000;\">Hinweis Staatliches Schulamt S\u00fcdth\u00fcringen:<\/span><\/h4>\n<h4><span style=\"color: #ff0000;\">Hinweise zu PDF-Dokumenten<\/span><\/h4>\n<\/div>\n<div class=\"th-look-sub th-brd\">\n<div class=\"\">\n<div id=\"c31597\" class=\"frame frame-default frame-type-shortcut frame-layout-0\">\n<div id=\"c28483\" class=\"frame frame-default frame-type-text frame-layout-0\">\n<p>Je nach pers\u00f6nlicher Konfiguration (Internet-Browser, Plugins, Versionen) kann es zu Darstellungsproblemen bei PDF-Formularen kommen.<\/p>\n<ul>\n<li>Sie ben\u00f6tigen dann einen geeigneten PDF-Reader.<\/li>\n<li><strong>PDF-Formulare zun\u00e4chst auf Ihrer Festplatte speichern<\/strong>\u00a0(rechte Maustaste und &#8222;Ziel speichern unter &#8230;&#8220; oder &#8222;Link speichern unter &#8230;&#8220;)<\/li>\n<li>Das gespeicherte Formular dann von dort mit dem PDF-Reader (nicht mit dem Browser) \u00f6ffnen.<\/li>\n<\/ul>\n<p>Versierte Nutzer:innen k\u00f6nnen in den<br \/>\n<a href=\"https:\/\/helpx.adobe.com\/de\/acrobat\/using\/display-pdf-in-browser.html\" target=\"_blank\" rel=\"noopener noreferrer\"><i class=\"fas fa-external-link-alt\" aria-hidden=\"true\"><\/i>Voreinstellungen des Browsers<\/a>\u00a0w\u00e4hlen, dass dieser PDF-Reader statt der browsereigenen Vorschau genutzt wird.<\/p>\n<p>Es handelt sich um ausf\u00fcllbare PDF-Formulare, die auch gespeichert werden k\u00f6nnen. Allerdings funktioniert das Speichern beim Adobe Reader nicht immer. Verwenden Sie dann einen anderen PDF-Reader, dann funktioniert das Speichern.<\/p>\n<\/div>\n<\/div>\n<\/div>\n<\/div>\n<p>&nbsp;<\/p>\n<h3>Antrag auf gastweisen Besuch einer anderen Schule<\/h3>\n<p><a href=\"https:\/\/schulamt.thueringen.de\/media\/ssa\/sued\/formulare\/schueler\/qs_gbas_v01.pdf\">https:\/\/schulamt.thueringen.de\/media\/ssa\/sued\/formulare\/schueler\/qs_gbas_v01.pdf<\/a><\/p>\n<p>&nbsp;<\/p>\n<h3>Antrag auf Beurlaubung vom Unterricht<\/h3>\n<p>(<em>Achtung: folgendes\u00a0Formular zuerst Speichern oder mit MS-IExplorer \u00f6ffnen oder im Firefox f\u00fcr PDF-Anwendungen Adobe-Reader einstellen)<\/em><\/p>\n<p><a href=\"https:\/\/schulamt.thueringen.de\/media\/ssa\/sued\/formulare\/schueler\/qs_abuu_v01.pdf\">https:\/\/schulamt.thueringen.de\/media\/ssa\/sued\/formulare\/schueler\/qs_abuu_v01.pdf<\/a><\/p>\n<p>&nbsp;<\/p>\n<h3>Antrag auf Leistungen f\u00fcr Bildung und Teilhabe<\/h3>\n<p><a href=\"http:\/\/www.lra-sm.de\/jobcenter\/?page_id=250\">http:\/\/www.lra-sm.de\/jobcenter\/?page_id=250<\/a><\/p>\n<p>&nbsp;<\/p>\n<h3>Abmeldung von der Grundschule<\/h3>\n<p><a href=\"https:\/\/www.grundschule-pulverrasen.de\/?attachment_id=1510\" rel=\"attachment wp-att-1510\">Abmeldung von GS<\/a><\/p>\n<p>&nbsp;<\/p>\n","protected":false},"excerpt":{"rendered":"<p>Hinweis Staatliches Schulamt S\u00fcdth\u00fcringen: Hinweise zu PDF-Dokumenten Je nach pers\u00f6nlicher Konfiguration (Internet-Browser, Plugins, Versionen) kann es zu Darstellungsproblemen bei PDF-Formularen kommen. Sie ben\u00f6tigen dann einen geeigneten PDF-Reader. PDF-Formulare zun\u00e4chst auf Ihrer Festplatte speichern\u00a0(rechte Maustaste und &#8222;Ziel speichern unter &#8230;&#8220; oder &#8222;Link speichern unter &#8230;&#8220;) Das gespeicherte Formular dann von dort mit dem PDF-Reader (nicht mit [&hellip;]<\/p>\n","protected":false},"author":3,"featured_media":0,"parent":411,"menu_order":0,"comment_status":"closed","ping_status":"closed","template":"","meta":{"_links_to":"","_links_to_target":""},"yoast_head":"<!-- This site is optimized with the Yoast SEO plugin v18.3 - https:\/\/yoast.com\/wordpress\/plugins\/seo\/ -->\n<title>Formulare - Grundschule Pulverrasen<\/title>\n<meta name=\"robots\" content=\"index, follow, max-snippet:-1, max-image-preview:large, max-video-preview:-1\" \/>\n<link rel=\"canonical\" href=\"https:\/\/www.grundschule-pulverrasen.de\/?page_id=630\" \/>\n<meta property=\"og:locale\" content=\"de_DE\" \/>\n<meta property=\"og:type\" content=\"article\" \/>\n<meta property=\"og:title\" content=\"Formulare - Grundschule Pulverrasen\" \/>\n<meta property=\"og:description\" content=\"Hinweis Staatliches Schulamt S\u00fcdth\u00fcringen: Hinweise zu PDF-Dokumenten Je nach pers\u00f6nlicher Konfiguration (Internet-Browser, Plugins, Versionen) kann es zu Darstellungsproblemen bei PDF-Formularen kommen. Sie ben\u00f6tigen dann einen geeigneten PDF-Reader. PDF-Formulare zun\u00e4chst auf Ihrer Festplatte speichern\u00a0(rechte Maustaste und &#8222;Ziel speichern unter &#8230;&#8220; oder &#8222;Link speichern unter &#8230;&#8220;) Das gespeicherte Formular dann von dort mit dem PDF-Reader (nicht mit [&hellip;]\" \/>\n<meta property=\"og:url\" content=\"https:\/\/www.grundschule-pulverrasen.de\/?page_id=630\" \/>\n<meta property=\"og:site_name\" content=\"Grundschule Pulverrasen\" \/>\n<meta property=\"article:modified_time\" content=\"2024-11-20T20:47:22+00:00\" \/>\n<meta name=\"twitter:card\" content=\"summary\" \/>\n<meta name=\"twitter:label1\" content=\"Gesch\u00e4tzte Lesezeit\" \/>\n\t<meta name=\"twitter:data1\" content=\"1\u00a0Minute\" \/>\n<script type=\"application\/ld+json\" class=\"yoast-schema-graph\">{\"@context\":\"https:\/\/schema.org\",\"@graph\":[{\"@type\":\"WebSite\",\"@id\":\"https:\/\/www.grundschule-pulverrasen.de\/#website\",\"url\":\"https:\/\/www.grundschule-pulverrasen.de\/\",\"name\":\"Grundschule Pulverrasen\",\"description\":\"\",\"potentialAction\":[{\"@type\":\"SearchAction\",\"target\":{\"@type\":\"EntryPoint\",\"urlTemplate\":\"https:\/\/www.grundschule-pulverrasen.de\/?s={search_term_string}\"},\"query-input\":\"required name=search_term_string\"}],\"inLanguage\":\"de\"},{\"@type\":\"WebPage\",\"@id\":\"https:\/\/www.grundschule-pulverrasen.de\/?page_id=630#webpage\",\"url\":\"https:\/\/www.grundschule-pulverrasen.de\/?page_id=630\",\"name\":\"Formulare - Grundschule Pulverrasen\",\"isPartOf\":{\"@id\":\"https:\/\/www.grundschule-pulverrasen.de\/#website\"},\"datePublished\":\"2016-11-10T16:01:52+00:00\",\"dateModified\":\"2024-11-20T20:47:22+00:00\",\"breadcrumb\":{\"@id\":\"https:\/\/www.grundschule-pulverrasen.de\/?page_id=630#breadcrumb\"},\"inLanguage\":\"de\",\"potentialAction\":[{\"@type\":\"ReadAction\",\"target\":[\"https:\/\/www.grundschule-pulverrasen.de\/?page_id=630\"]}]},{\"@type\":\"BreadcrumbList\",\"@id\":\"https:\/\/www.grundschule-pulverrasen.de\/?page_id=630#breadcrumb\",\"itemListElement\":[{\"@type\":\"ListItem\",\"position\":1,\"name\":\"Home\",\"item\":\"https:\/\/www.grundschule-pulverrasen.de\/\"},{\"@type\":\"ListItem\",\"position\":2,\"name\":\"Eltern\",\"item\":\"https:\/\/www.grundschule-pulverrasen.de\/?page_id=411\"},{\"@type\":\"ListItem\",\"position\":3,\"name\":\"Formulare\"}]}]}<\/script>\n<!-- \/ Yoast SEO plugin. -->","yoast_head_json":{"title":"Formulare - Grundschule Pulverrasen","robots":{"index":"index","follow":"follow","max-snippet":"max-snippet:-1","max-image-preview":"max-image-preview:large","max-video-preview":"max-video-preview:-1"},"canonical":"https:\/\/www.grundschule-pulverrasen.de\/?page_id=630","og_locale":"de_DE","og_type":"article","og_title":"Formulare - Grundschule Pulverrasen","og_description":"Hinweis Staatliches Schulamt S\u00fcdth\u00fcringen: Hinweise zu PDF-Dokumenten Je nach pers\u00f6nlicher Konfiguration (Internet-Browser, Plugins, Versionen) kann es zu Darstellungsproblemen bei PDF-Formularen kommen. Sie ben\u00f6tigen dann einen geeigneten PDF-Reader. PDF-Formulare zun\u00e4chst auf Ihrer Festplatte speichern\u00a0(rechte Maustaste und &#8222;Ziel speichern unter &#8230;&#8220; oder &#8222;Link speichern unter &#8230;&#8220;) Das gespeicherte Formular dann von dort mit dem PDF-Reader (nicht mit [&hellip;]","og_url":"https:\/\/www.grundschule-pulverrasen.de\/?page_id=630","og_site_name":"Grundschule Pulverrasen","article_modified_time":"2024-11-20T20:47:22+00:00","twitter_card":"summary","twitter_misc":{"Gesch\u00e4tzte Lesezeit":"1\u00a0Minute"},"schema":{"@context":"https:\/\/schema.org","@graph":[{"@type":"WebSite","@id":"https:\/\/www.grundschule-pulverrasen.de\/#website","url":"https:\/\/www.grundschule-pulverrasen.de\/","name":"Grundschule Pulverrasen","description":"","potentialAction":[{"@type":"SearchAction","target":{"@type":"EntryPoint","urlTemplate":"https:\/\/www.grundschule-pulverrasen.de\/?s={search_term_string}"},"query-input":"required name=search_term_string"}],"inLanguage":"de"},{"@type":"WebPage","@id":"https:\/\/www.grundschule-pulverrasen.de\/?page_id=630#webpage","url":"https:\/\/www.grundschule-pulverrasen.de\/?page_id=630","name":"Formulare - Grundschule Pulverrasen","isPartOf":{"@id":"https:\/\/www.grundschule-pulverrasen.de\/#website"},"datePublished":"2016-11-10T16:01:52+00:00","dateModified":"2024-11-20T20:47:22+00:00","breadcrumb":{"@id":"https:\/\/www.grundschule-pulverrasen.de\/?page_id=630#breadcrumb"},"inLanguage":"de","potentialAction":[{"@type":"ReadAction","target":["https:\/\/www.grundschule-pulverrasen.de\/?page_id=630"]}]},{"@type":"BreadcrumbList","@id":"https:\/\/www.grundschule-pulverrasen.de\/?page_id=630#breadcrumb","itemListElement":[{"@type":"ListItem","position":1,"name":"Home","item":"https:\/\/www.grundschule-pulverrasen.de\/"},{"@type":"ListItem","position":2,"name":"Eltern","item":"https:\/\/www.grundschule-pulverrasen.de\/?page_id=411"},{"@type":"ListItem","position":3,"name":"Formulare"}]}]}},"_links":{"self":[{"href":"https:\/\/www.grundschule-pulverrasen.de\/index.php?rest_route=\/wp\/v2\/pages\/630"}],"collection":[{"href":"https:\/\/www.grundschule-pulverrasen.de\/index.php?rest_route=\/wp\/v2\/pages"}],"about":[{"href":"https:\/\/www.grundschule-pulverrasen.de\/index.php?rest_route=\/wp\/v2\/types\/page"}],"author":[{"embeddable":true,"href":"https:\/\/www.grundschule-pulverrasen.de\/index.php?rest_route=\/wp\/v2\/users\/3"}],"replies":[{"embeddable":true,"href":"https:\/\/www.grundschule-pulverrasen.de\/index.php?rest_route=%2Fwp%2Fv2%2Fcomments&post=630"}],"version-history":[{"count":24,"href":"https:\/\/www.grundschule-pulverrasen.de\/index.php?rest_route=\/wp\/v2\/pages\/630\/revisions"}],"predecessor-version":[{"id":2081,"href":"https:\/\/www.grundschule-pulverrasen.de\/index.php?rest_route=\/wp\/v2\/pages\/630\/revisions\/2081"}],"up":[{"embeddable":true,"href":"https:\/\/www.grundschule-pulverrasen.de\/index.php?rest_route=\/wp\/v2\/pages\/411"}],"wp:attachment":[{"href":"https:\/\/www.grundschule-pulverrasen.de\/index.php?rest_route=%2Fwp%2Fv2%2Fmedia&parent=630"}],"curies":[{"name":"wp","href":"https:\/\/api.w.org\/{rel}","templated":true}]}}